e remainder when 1305 is divided by 18.
9
Calculate the remainder when 68 is divided by 20.
8
What is the remainder when 846 is divided by 382?
82
Calculate the remainder when 796 is divided by 32.
28
What is the remainder when 11269 is divided by 39?
37
Calculate the remainder when 3589 is divided by 189.
187
Calculate the remainder when 76 is divided by 11.
10
Calculate the remainder when 35 is divided by 18.
17
What is the remainder when 774 is divided by 112?
102
Calculate the remainder when 670 is divided by 12.
10
What is the remainder when 274 is divided by 72?
58
What is the remainder when 168 is divided by 57?
54
What is the remainder when 575 is divided by 171?
62
What is the remainder when 7316 is divided by 271?
270
Calculate the remainder when 72 is divided by 50.
22
Calculate the remainder when 7399 is divided by 74.
73
What is the remainder when 38 is divided by 16?
6
What is the remainder when 228 is divided by 115?
113
What is the remainder when 127 is divided by 26?
23
What is the remainder when 1242 is divided by 248?
2
What is the remainder when 222 is divided by 14?
12
Calculate the remainder when 55 is divided by 18.
1
Calculate the remainder when 77 is divided by 39.
38
Calculate the remainder when 1854 is divided by 184.
14
What is the remainder when 2255 is divided by 12?
11
Calculate the remainder when 96 is divided by 14.
12
Calculate the remainder when 650 is divided by 16.
10
Calculate the remainder when 79 is divided by 9.
7
Calculate the remainder when 320 is divided by 23.
21
Calculate the remainder when 84 is divided by 12.
0
What is the remainder when 194 is divided by 28?
26
Calculate the remainder when 16449 is divided by 12.
9
Calculate the remainder when 40 is divided by 16.
8
What is the remainder when 292 is divided by 14?
12
What is the remainder when 42 is divided by 33?
9
What is the remainder when 1501 is divided by 94?
91
What is the remainder when 160 is divided by 18?
16
Calculate the remainder when 501 is divided by 39.
33
What is the remainder when 54 is divided by 13?
2
Calculate the remainder when 1935 is divided by 8.
7
What is the remainder when 1089 is divided by 119?
18
What is the remainder when 308 is divided by 44?
0
What is the remainder when 164 is divided by 3?
2
What is the remainder when 144 is divided by 29?
28
What is the remainder when 8634 is divided by 11?
10
Calculate the remainder when 913 is divided by 133.
115
What is the remainder when 685 is divided by 583?
102
Calculate the remainder when 1947 is divided by 26.
23
Calculate the remainder when 14 is divided by 2.
0
What is the remainder when 920 is divided by 16?
8
Calculate the remainder when 793 is divided by 163.
141
What is the remainder when 617 is divided by 613?
4
What is the remainder when 1037 is divided by 26?
23
What is the remainder when 226 is divided by 23?
19
Calculate the remainder when 167 is divided by 48.
23
Calculate the remainder when 26 is divided by 17.
9
Calculate the remainder when 399 is divided by 50.
49
Calculate the remainder when 311 is divided by 39.
38
What is the remainder when 610 is divided by 13?
12
What is the remainder when 156 is divided by 15?
6
Calculate the remainder when 2521 is divided by 147.
22
What is the remainder when 2461 is divided by 816?
13
What is the remainder when 683 is divided by 167?
15
What is the remainder when 102 is divided by 6?
0
Calculate the remainder when 172 is divided by 15.
7
Calculate the remainder when 412 is divided by 14.
6
What is the remainder when 13226 is divided by 16?
10
Calculate the remainder when 412 is divided by 83.
80
What is the remainder when 2677 is divided by 40?
37
What is the remainder when 393 is divided by 49?
1
What is the remainder when 866 is divided by 61?
12
Calculate the remainder when 77 is divided by 10.
7
What is the remainder when 803 is divided by 167?
135
What is the remainder when 2012 is divided by 11?
10
Calculate the remainder when 61 is divided by 23.
15
Calculate the remainder when 401 is divided by 13.
11
What is the remainder when 62 is divided by 26?
10
Calculate the remainder when 6188 is divided by 2058.
14
Calculate the remainder when 26 is divided by 25.
1
Calculate the remainder when 685 is divided by 30.
25
Calculate the remainder when 200 is divided by 52.
44
What is the remainder when 1919 is divided by 174?
5
What is the remainder when 237 is divided by 35?
27
What is the remainder when 65 is divided by 22?
21
Calculate the remainder when 2567 is divided by 103.
95
Calculate the remainder when 1259 is divided by 30.
29
What is the remainder when 136 is divided by 46?
44
Calculate the remainder when 64 is divided by 61.
3
What is the remainder when 36 is divided by 18?
0
Calculate the remainder when 4254 is divided by 19.
17
Calculate the remainder when 496 is divided by 61.
8
Calculate the remainder when 588 is divided by 5.
3
Calculate the remainder when 1148 is divided by 283.
16
What is the remainder when 421 is divided by 415?
6
What is the remainder when 3607 is divided by 718?
17
Calculate the remainder when 44 is divided by 38.
6
What is the remainder when 18 is divided by 5?
3
What is the remainder when 639 is divided by 213?
0
What is the remainder when 245 is divided by 41?
40
What is the remainder when 2359 is divided by 64?
55
Calculate the remainder when 118 is divided by 10.
8
What is the remainder when 441 is divided by 215?
11
What is the remainder when 360 is divided by 52?
48
Calculate the remainder when 153 is divided by 35.
13
Calculate the remainder when 3227 is divided by 1612.
3
Calculate the remainder when 1444 is divided by 1444.
0
Calculate the remainder when 131 is divided by 38.
17
What is the remainder when 15879 is divided by 10?
9
Calculate the remainder when 372 is divided by 44.
20
Calculate the remainder when 330 is divided by 67.
62
Calculate the remainder when 230 is divided by 21.
20
What is the remainder when 2772 is divided by 50?
22
Calculate the remainder when 2834 is divided by 35.
34
Calculate the remainder when 242 is divided by 39.
8
Calculate the remainder when 164 is divided by 21.
17
What is the remainder when 305 is divided by 146?
13
Calculate the remainder when 2964 is divided by 15.
9
Calculate the remainder when 300 is divided by 21.
6
Calculate the remainder when 6794 is divided by 35.
4
Calculate the remainder when 8 is divided by 3.
2
What is the remainder when 523 is divided by 512?
11
What is the remainder when 1376 is divided by 274?
6
What is the remainder when 1122 is divided by 126?
114
Calculate the remainder when 126 is divided by 124.
2
Calculate the remainder when 88 is divided by 10.
8
What is the remainder when 259 is divided by 22?
17
Calculate the remainder when 390 is divided by 23.
22
Calculate the remainder when 634 is divided by 206.
16
Calculate the remainder when 220 is divided by 75.
70
What is the remainder when 7053 is divided by 2?
1
What is the remainder when 352 is divided by 37?
19
What is the remainder when 6382 is divided by 114?
112
What is the remainder when 285 is divided by 26?
25
Calculate the remainder when 257 is divided by 35.
12
Calculate the remainder when 189 is divided by 32.
29
Calculate the remainder when 162 is divided by 46.
24
Calculate the remainder when 2518 is divided by 35.
33
What is the remainder when 23324 is divided by 36?
32
Calculate the remainder when 46 is divided by 16.
14
What is the remainder when 1559 is divided by 13?
12
What is the remainder when 426 is divided by 48?
42
Calculate the remainder when 1328 is divided by 442.
2
Calculate the remainder when 2391 is divided by 171.
168
What is the remainder when 465 is divided by 153?
6
Calculate the remainder when 2104 is divided by 81.
79
Calculate the remainder when 152 is divided by 15.
2
What is the remainder when 53 is divided by 40?
13
What is the remainder when 133 is divided by 34?
31
What is the remainder when 242 is divided by 27?
26
What is the remainder when 3468 is divided by 165?
3
Calculate the remainder when 1236 is divided by 251.
232
Calculate the remainder when 959 is divided by 22.
13
What is the remainder when 1166 is divided by 64?
14
Calculate the remainder when 211 is divided by 20.
11
What is the remainde